{"id":33,"date":"2021-02-11T16:47:37","date_gmt":"2021-02-11T16:47:37","guid":{"rendered":"http:\/\/webinar.edizioniedra.it\/?page_id=33"},"modified":"2021-02-11T16:47:37","modified_gmt":"2021-02-11T16:47:37","slug":"note-legali","status":"publish","type":"page","link":"https:\/\/webinar.edizioniedra.it\/index.php\/note-legali\/","title":{"rendered":"Note legali"},"content":{"rendered":"\n<p><strong>TERMINI E CONDIZIONI DI UTILIZZO DEL SITO<\/strong><\/p>\n\n\n\n<p>Visitando ed utilizzando questo sito web (il Sito), sarete tenuti al rispetto dei termini e delle condizioni di utilizzo qui di seguito riportati (di seguito, &#8220;Termini e Condizioni&#8221;). Qualora non siate d&#8217;accordo con tali Termini e Condizioni, Vi preghiamo di non utilizzare questo Sito.<\/p>\n\n\n\n<p>I Termini e Condizioni fanno espresso rinvio all&#8217;<em>Informativa sul trattamento dei dati personali<\/em>&nbsp;contenuta nel Sito, oltre alle altre disposizioni o disclaimer pubblicati ed aggiornati in apposite pagine web del Sito, o direttamente comunicati all&#8217;Utente.<\/p>\n\n\n\n<p>EDRA S.p.A. si riserva il diritto, a sua discrezione, in qualsiasi momento e senza preavviso, di modificare, aggiungere od eliminare parti di tali Termini e Condizioni. A questo proposito, si invita l&#8217;Utente a controllare periodicamente questa pagina web; l&#8217;utilizzo di questo Sito successivamente ad eventuali modifiche dei Termini e Condizioni implica l&#8217;accettazione delle stesse da parte dell&#8217;Utente.<\/p>\n\n\n\n<p><strong>Copyright e limitazioni d&#8217;utilizzo<\/strong><\/p>\n\n\n\n<p>L&#8217;intero contenuto di questo Sito, compresa l&#8217;impaginazione, il design, le immagini, i programmi, il testo e le altre informazioni (di seguito, il &#8220;Contenuto&#8221;) \u00e8 di propriet\u00e0 di EDRA S.p.A. con sede in Milano, via Spadolini&nbsp;n. 7, P.IVA 10653850155 ed \u00e8 protetto da copyright e da tutte le vigenti leggi in materia di propriet\u00e0 intellettuale.<\/p>\n\n\n\n<p>Non \u00e8 consentito riprodurre, distribuire, modificare, pubblicare, immagazzinare, trasmettere, utilizzare per produrre contenuti derivati, vendere o dare in licenza, in tutto o in parte, il Contenuto, n\u00e8 i prodotti o servizi ottenuti in qualsiasi modo tramite il Sito, salvo ci\u00f2 sia espressamente previsto dalla legge applicabile, regolato dai Termini e Condizioni, ovvero concesso su licenza, o abbonamento.<\/p>\n\n\n\n<p>\u00c8 consentito scaricare e stampare il Contenuto del Sito a fini personali e non commerciali, nel rispetto di tutte le prescrizioni relative al copyright e ai diritti di propriet\u00e0 intellettuale. Non potranno tuttavia essere effettuati sistematici prelievi del Contenuto del Sito per creare o compilare, direttamente o indirettamente, archivi di informazioni, database od elenchi senza il preventivo consenso scritto di EDRA S.p.A.<\/p>\n\n\n\n<p>Non potranno essere utilizzati sistemi e programmi di&nbsp;<em>download<\/em>&nbsp;automatico che possano<\/p>\n\n\n\n<p>i) estrarre in modo automatico e continuativo contenuti ovvero indicizzarli senza autorizzazione di EDRA S.p.A.;<br>ii) raccogliere informazioni personali dal Sito al fine di inviare materiale non autorizzato e non sollecitato;<br>iii) provocare malfunzionamenti del Sito. In proposito, non \u00e8 assolutamente consentito utilizzare programmi per neutralizzare eventuali protezioni del Sito.<\/p>\n\n\n\n<p>Eventuali chiarimenti in relazione alle modalit\u00e0 di utilizzo del Sito ed eventuali richieste di autorizzazione per l&#8217;utilizzo dei contenuti dovranno essere dirette a EDRA S.p.A. via Spadolini&nbsp;n. 7 &#8211; 20141 Milano tel. + 39 02 88184.1;&nbsp;<a href=\"mailto:privacy@lswr.it\">privacy@lswr.it<\/a>.<\/p>\n\n\n\n<p>\u00c8 severamente proibito all&#8217;Utente inviare o trasmettere a o da questo Sito materiale (inclusi software o contenuti) che sia illecito, che possa violare i diritti dei terzi, sia minatorio, diffamatorio, calunnioso, osceno, blasfemo, pornografico, violento o volgare, oppure contenga errori, virus o altre componenti dannose, o sia comunque perseguibile dalla legge. EDRA S.p.A. potr\u00e0 in ogni momento esercitare il proprio controllo editoriale sul Contenuto del Sito e su quanto inoltrato o distribuito attraverso i suoi strumenti e\/o servizi.<\/p>\n\n\n\n<p>Non \u00e8 possibile, senza la previa autorizzazione di EDRA S.p.A., utilizzare il Sito per pubblicare o distribuire materiale pubblicitario, promozionale, o per sollecitare altri Utenti del Sito ad usare beni o servizi. A titolo esemplificativo (ma non esaustivo) il Sito non potr\u00e0 essere utilizzato a fini commerciali, per sollecitare lo svolgimento di attivit\u00e0 non permesse dalla legge, o per sollecitare altri Utenti a sottoscrivere altri servizi informativi. Il Sito non potr\u00e0 altres\u00ec essere utilizzato per scaricare e re-distribuire informazioni di pubblico dominio a fini di lucro, o in pi\u00f9 copie.<\/p>\n\n\n\n<p><strong>Materiale pervenuto nel sito<\/strong><\/p>\n\n\n\n<p>Chiunque inserisca materiale e contenuti nel Sito (ad esempio commenti, suggerimenti, idee, grafica, altre informazioni), garantisce per ci\u00f2 stesso di avere il diritto di effettuarlo, con piena responsabilit\u00e0 in merito alla loro legalit\u00e0.<\/p>\n\n\n\n<p>EDRA S.p.A. non essendo l&#8217;autrice del materiale pervenuto dagli Utenti nel &#8211; o attraverso &#8211; il Sito (inclusi feedback e suggerimenti), anche tramite pagine blog, chat rooms e forum, diretto al pubblico in generale, o a comunit\u00e0 di Utenti, declina ogni responsabilit\u00e0 per il suo contenuto o la sua correttezza.<\/p>\n\n\n\n<p>L&#8217;Utente con l&#8217;inoltro di contenuti nel &#8211; o tramite &#8211; il Sito, concede ad EDRA S.p.A. il permesso di visualizzarli e di utilizzarli anche nel Sito, senza che ci\u00f2 possa dare luogo al pagamento di alcun corrispettivo.<\/p>\n\n\n\n<p>EDRA S.p.A. non ha alcun obbligo di rendere visibile o altrimenti utilizzare il materiale pervenuto; non sar\u00e0 tenuta a trattare i materiali inviati come riservati e potr\u00e0 discrezionalmente pubblicare, rifiutare o rimuovere ogni tipo di materiale inoltrato.<\/p>\n\n\n\n<p>EDRA S.p.A. avr\u00e0 il diritto (ma non l&#8217;obbligo) di monitorare quanto inoltrato per verificarne la conformit\u00e0 ai Termini e Condizioni, alle altre regole operative stabilite, ovvero a quanto previsto dalla legge.<\/p>\n\n\n\n<p><strong>Marchi registrati<\/strong><\/p>\n\n\n\n<p><a href=\"http:\/\/www.elsevier.it\/\" target=\"_blank\" rel=\"noreferrer noopener\"><em>www.edizioniedra.it<\/em><\/a>&nbsp;\u00e8 un dominio registrato da EDRA S.p.A.<br>Tutti gli altri domini o marchi registrati presenti sul Sito appartengono ai rispettivi proprietari.<\/p>\n\n\n\n<p><strong>Collegamenti ad altri siti web<\/strong><\/p>\n\n\n\n<p>Questo Sito, esclusivamente per praticit\u00e0 dell&#8217;Utente, pu\u00f2 includere collegamenti ad altri siti o ad altre risorse che non sono gestiti da EDRA S.p.A.<\/p>\n\n\n\n<p>I termini e condizioni per l&#8217;uso del servizio e le politiche per la privacy applicabili a tali siti possono essere diverse da quelle applicabili a questo Sito. Per tali ragioni, si consiglia di consultarli.<\/p>\n\n\n\n<p>Se l&#8217;utente decide di accedere ad un sito di terzi collegato a questo Sito, lo fa completamente a suo rischio e non potr\u00e0 ritenere EDRA S.p.A. in alcun modo responsabile per qualsiasi perdita o danno derivante dall&#8217;uso di tale sito.<\/p>\n\n\n\n<p>I collegamenti non implicano l&#8217;approvazione di EDRA S.p.A. in merito a tali siti o ai prodotti o ai servizi ivi presenti. In proposito, EDRA S.p.A. declina ogni responsabilit\u00e0 per il contenuto e funzionamento di tali siti, per la disponibilit\u00e0 delle relative risorse, o per quanto ivi contenuto, pubblicizzato o comunque reperibile.<\/p>\n\n\n\n<p>Eventuali transazioni commerciali tra Voi ed un terzo si intendono esclusivamente operanti tra Voi e la terza parte e non potranno comportare perci\u00f2 alcuna responsabilit\u00e0 da parte di EDRA S.p.A.<\/p>\n\n\n\n<p>EDRA S.p.A. ha la facolt\u00e0 di interrompere tali collegamenti in qualsiasi momento.<\/p>\n\n\n\n<p>EDRA S.p.A. gestisce e controlla questo Sito e non garantisce in alcun modo che i materiali presentati siano appropriati o disponibili per l&#8217;uso in altre ubicazioni.<\/p>\n\n\n\n<p><strong>Limitazioni di responsabilit\u00e0<\/strong><\/p>\n\n\n\n<p>In nessun caso EDRA S.p.A. o terzi fornitori dei contenuti o concedenti i marchi garantiscono all&#8217;Utente: &#8211; che l&#8217;operativit\u00e0 del Sito sia sempre costante, ininterrotta e priva di errori; &#8211; che eventuali difetti vengano corretti; &#8211; che il Sito, o i server che lo rendono disponibile, siano esenti da virus o da altri elementi dannosi; &#8211; dei risultati che potrebbero essere ottenuti dall&#8217;uso del Contenuto o di altre risorse presenti nel Sito; &#8211; dell&#8217;accuratezza, completezza, affidabilit\u00e0, disponibilit\u00e0, adeguatezza, qualit\u00e0 e legittimit\u00e0 di contenuti, prodotti o servizi forniti ovvero accessibili da questo Sito.<\/p>\n\n\n\n<p>Questo sito e tutti i suoi contenuti, prodotti e servizi -siano in esso inclusi ovvero da esso accessibili- sono forniti nello stato di fatto e di diritto in cui si trovano, senza garanzie e senza che essi possano suscitare nell&#8217;Utente affidamenti di alcun tipo (ivi espressamente incluse, a mero titolo esemplificativo: attestazioni di propriet\u00e0 e\/o di non-violazione di diritti, garanzie implicite di commerciabilit\u00e0 e\/o di idoneit\u00e0 a scopi particolari), che EDRA S.p.A. non fornisce, fatto esclusivamente salvo quanto previsto ed imposto dalla legge. L&#8217;utilizzo di questo sito \u00e8 a rischio esclusivo dell&#8217;Utente.<\/p>\n\n\n\n<p>Nel pi\u00f9 ampio limite concesso dalla legge, EDRA S.p.A. non si assume alcuna responsabilit\u00e0 per qualsivoglia danno a persone, animali o cose, per responsabilit\u00e0 per danno da prodotti, o per negligenza, ovvero per uso o applicazione di idee, istruzioni, metodi, prodotti o procedure contenuti nel Sito.<\/p>\n\n\n\n<p>Nel caso in cui il Contenuto del Sito sia relativo ad informazioni medico-scientifiche o di scienze della salute, se ne deve intendere un uso esclusivamente professionale in campo medico-sanitario. Non dovranno essere effettuati test o procedure suggeriti, se non nel caso in cui a giudizio dell&#8217;utilizzatore il rischio sia giustificato. A causa del rapido progresso scientifico, raccomandiamo di verificare indipendentemente diagnosi e dosi di farmaci. Discussioni, pareri e raccomandazioni riferiti a procedure mediche, prodotti, scelta e dosaggio di farmaci, sono di esclusiva responsabilit\u00e0 di chi li effettua e ne \u00e8 l&#8217;autore.<\/p>\n\n\n\n<p>EDRA S.p.A.&nbsp;o i terzi fornitori dei contenuti, o i licenzianti non saranno in nessun caso comunque responsabili di perdite o danni causati, anche in parte, da colpa o da eventi non controllabili nel fornire, compilare, interpretare, riportare ovvero inviare informazioni tramite il Sito.<\/p>\n\n\n\n<p>Nel pi\u00f9 ampio limite concesso dalla legge, in nessun caso EDRA S.p.A. saranno responsabili di decisioni o azioni intraprese dall&#8217;Utente in base a tali informazioni.EDRA S.p.A. non sar\u00e0 responsabile per nessun danno (inclusi quelli derivati, incidentali ed indiretti) neppure qualora edotta di tale eventualit\u00e0.<\/p>\n\n\n\n<p>EDRA S.p.A. non assume alcuna responsabilit\u00e0 per prodotti o servizi di terzi offerti o pubblicizzati tramite i propri servizi e sistemi.<\/p>\n\n\n\n<p><strong>Funzionalit\u00e0 del sito<\/strong><\/p>\n\n\n\n<p>EDRA S.p.A. tende a mantenere la disponibilit\u00e0 del Sito 24 (ventiquattro) ore al giorno e per 7 (sette) giorni alla settimana, nonch\u00e9 le informazioni ivi contenute.<\/p>\n\n\n\n<p>Tuttavia a causa di problemi tecnici, caso fortuito o forza maggiore, o per manutenzione, la disponiblit\u00e0 del Sito potrebbe essere limitata e le informazioni perse.<\/p>\n\n\n\n<p>EDRA S.p.A. non potr\u00e0 in alcun modo essere ritenuta responsabile per danni o lesioni causati da qualsivoglia materiale o software, inclusi a titolo esemplificativo interruzione, difetto o ritardo nel funzionamento o nella trasmissione, insufficienza della performance, errore, omissione, perdita di dati, virus informatico o malfunzionamento della connessione.<\/p>\n\n\n\n<p><strong>Indennizzi<\/strong><\/p>\n\n\n\n<p>L&#8217;Utente acconsente espressamente a tenere indenne e manlevare EDRA S.p.A. da ogni responsabilit\u00e0, perdita, danno, costo (incluse le spese legali) derivante dall&#8217;utilizzazione del Sito, ovvero dei suoi contenuti.<\/p>\n\n\n\n<p><strong>Legge applicabile<\/strong><\/p>\n\n\n\n<p>I Termini e Condizioni di questo Sito sono disciplinati ed interpretati dalla legge italiana sostanziale, senza ricorso alle norme di diritto internazionale privato.<\/p>\n\n\n\n<p>Ultimo aggiornamento: 11 Luglio 2014<\/p>\n","protected":false},"excerpt":{"rendered":"<p>TERMINI E CONDIZIONI DI UTILIZZO DEL SITO Visitando ed utilizzando questo sito web (il Sito), sarete tenuti al rispetto dei termini e delle condizioni di utilizzo qui di seguito riportati (di seguito, &#8220;Termini e Condizioni&#8221;). Qualora non siate d&#8217;accordo con tali Termini e Condizioni, Vi preghiamo di non utilizzare questo Sito. I Termini e Condizioni<\/p>\n<p class=\"more-link\"><a href=\"https:\/\/webinar.edizioniedra.it\/index.php\/note-legali\/\" class=\"themebutton2\">Read More<\/a><\/p>\n","protected":false},"author":1,"featured_media":0,"parent":0,"menu_order":0,"comment_status":"closed","ping_status":"closed","template":"","meta":[],"categories":[],"tags":[],"_links":{"self":[{"href":"https:\/\/webinar.edizioniedra.it\/index.php\/wp-json\/wp\/v2\/pages\/33"}],"collection":[{"href":"https:\/\/webinar.edizioniedra.it\/index.php\/wp-json\/wp\/v2\/pages"}],"about":[{"href":"https:\/\/webinar.edizioniedra.it\/index.php\/wp-json\/wp\/v2\/types\/page"}],"author":[{"embeddable":true,"href":"https:\/\/webinar.edizioniedra.it\/index.php\/wp-json\/wp\/v2\/users\/1"}],"replies":[{"embeddable":true,"href":"https:\/\/webinar.edizioniedra.it\/index.php\/wp-json\/wp\/v2\/comments?post=33"}],"version-history":[{"count":1,"href":"https:\/\/webinar.edizioniedra.it\/index.php\/wp-json\/wp\/v2\/pages\/33\/revisions"}],"predecessor-version":[{"id":34,"href":"https:\/\/webinar.edizioniedra.it\/index.php\/wp-json\/wp\/v2\/pages\/33\/revisions\/34"}],"wp:attachment":[{"href":"https:\/\/webinar.edizioniedra.it\/index.php\/wp-json\/wp\/v2\/media?parent=33"}],"wp:term":[{"taxonomy":"category","embeddable":true,"href":"https:\/\/webinar.edizioniedra.it\/index.php\/wp-json\/wp\/v2\/categories?post=33"},{"taxonomy":"post_tag","embeddable":true,"href":"https:\/\/webinar.edizioniedra.it\/index.php\/wp-json\/wp\/v2\/tags?post=33"}],"curies":[{"name":"wp","href":"https:\/\/api.w.org\/{rel}","templated":true}]}}